{"id":2584,"date":"2018-04-06T05:02:08","date_gmt":"2018-04-06T05:02:08","guid":{"rendered":"https:\/\/brixel.radiantthemes.com\/?page_id=2584"},"modified":"2021-12-16T20:40:16","modified_gmt":"2021-12-16T20:40:16","slug":"projects-version-one","status":"publish","type":"page","link":"https:\/\/mertdemirplastik.com.tr\/?page_id=2584","title":{"rendered":"\u00dcr\u00fcnler"},"content":{"rendered":"<p>[vc_section full_width=&#8221;stretch_row&#8221; css=&#8221;.vc_custom_1520232875138{margin-top: 0px !important;margin-bottom: 0px !important;padding-top: 0px !important;padding-bottom: 0px !important;background-color: #ffffff !important;}&#8221;][vc_row full_width=&#8221;stretch_row&#8221; css=&#8221;.vc_custom_1520237418136{margin-top: 0px !important;margin-bottom: 0px !important;padding-top: 110px !important;padding-bottom: 40px !important;}&#8221;][vc_column][vc_custom_heading text=&#8221;\u00dcr\u00fcnler&#8221; font_container=&#8221;tag:h3|font_size:35px|text_align:center|line_height:45px&#8221; use_theme_fonts=&#8221;yes&#8221; css=&#8221;.vc_custom_1639686619593{margin-top: 0px !important;margin-bottom: 0px !important;}&#8221;][\/vc_column][\/vc_row][vc_row full_width=&#8221;stretch_row_content_no_spaces&#8221; css=&#8221;.vc_custom_1522991112910{margin-top: 0px !important;margin-bottom: 0px !important;padding-top: 0px !important;padding-bottom: 0px !important;}&#8221;][vc_column]<div class=\"rt-portfolio-box-filter element-two filter-style-seven text-center \"><button class=\"matchHeight current-menu-item\" data-filter=\"*\"><span>All Groups<\/span><\/button><button class=\"matchHeight\" data-filter=\".alt-yapi-borulari\"><span>ALT YAPI BORULARI<\/span><\/button><button class=\"matchHeight\" data-filter=\".damla-sulama\"><span>Damla Sulama Hortumlar\u0131<\/span><\/button><button class=\"matchHeight\" data-filter=\".korige-boru\"><span>Korige Boru<\/span><\/button><button class=\"matchHeight\" data-filter=\".yagmurlama\"><span>PE Ya\u011fmurlama Boru ve Ek Par\u00e7alar\u0131<\/span><\/button><button class=\"matchHeight\" data-filter=\".ppr-boru\"><span>PPRC Borular\u0131 ve Ek Par\u00e7alar\u0131<\/span><\/button><button class=\"matchHeight\" data-filter=\".pvc-u-atik-su\"><span>PVC At\u0131k Su Borular\u0131 ve Ek Par\u00e7alar\u0131<\/span><\/button><button class=\"matchHeight\" data-filter=\".pvc-u-basincli-su\"><span>PVC Bas\u0131n\u00e7l\u0131 Temiz Su Borular\u0131 ve Ek Par\u00e7alar\u0131<\/span><\/button><button class=\"matchHeight\" data-filter=\".tarimsal-sulama-borulari\"><span>TARIMSAL SULAMA BORULARI<\/span><\/button><\/div><div class=\"rt-portfolio-box element-two row isotope \" data-portfolio-box-align=\"center style=\"margin-left:-0px; margin-right:-0px;\"><div class=\"rt-portfolio-box-item damla-sulama tarimsal-sulama-borulari col-lg-3 col-md-3 col-sm-6 col-xs-12\" style=\"padding:0px;\"><div class=\"holder\"><div class=\"pic\"><img src=\"https:\/\/mertdemirplastik.com.tr\/wp-content\/plugins\/radiantthemes-addons\/portfolio\/images\/blank-image-100x75.jpg\" alt=\"blank image\" width=\"100\" height=\"75\"><div class=\"holder\" style=\"background-image:url(https:\/\/mertdemirplastik.com.tr\/wp-content\/uploads\/2021\/12\/PE_DAMLAMA_SULAMA_HORTUMLARI.jpg)\"><\/div><div class=\"title\" style=\"background-image:url(https:\/\/mertdemirplastik.com.tr\/wp-content\/uploads\/2021\/12\/PE_DAMLAMA_SULAMA_HORTUMLARI.jpg);\"><div class=\"table\"><div class=\"table-cell\"><h4><a href=\"https:\/\/mertdemirplastik.com.tr\/?portfolio=pe-damlama-sulama-hortumlari\">PE DAMLAMA SULAMA HORTUMLARI<\/a><\/h4><\/div><\/div><\/div><div class=\"clearfix\"><\/div><\/div><\/div><\/div><div class=\"rt-portfolio-box-item yagmurlama tarimsal-sulama-borulari col-lg-3 col-md-3 col-sm-6 col-xs-12\" style=\"padding:0px;\"><div class=\"holder\"><div class=\"pic\"><img src=\"https:\/\/mertdemirplastik.com.tr\/wp-content\/plugins\/radiantthemes-addons\/portfolio\/images\/blank-image-100x75.jpg\" alt=\"blank image\" width=\"100\" height=\"75\"><div class=\"holder\" style=\"background-image:url(https:\/\/mertdemirplastik.com.tr\/wp-content\/uploads\/2022\/02\/44444.png)\"><\/div><div class=\"title\" style=\"background-image:url(https:\/\/mertdemirplastik.com.tr\/wp-content\/uploads\/2022\/02\/44444.png);\"><div class=\"table\"><div class=\"table-cell\"><h4><a href=\"https:\/\/mertdemirplastik.com.tr\/?portfolio=pe-yagmurlama-ve-boru-ek-parcalari\">PE Ya\u011fmurlama ve Boru Ek Par\u00e7alar\u0131<\/a><\/h4><\/div><\/div><\/div><div class=\"clearfix\"><\/div><\/div><\/div><\/div><div class=\"rt-portfolio-box-item alt-yapi-borulari ppr-boru col-lg-3 col-md-3 col-sm-6 col-xs-12\" style=\"padding:0px;\"><div class=\"holder\"><div class=\"pic\"><img src=\"https:\/\/mertdemirplastik.com.tr\/wp-content\/plugins\/radiantthemes-addons\/portfolio\/images\/blank-image-100x75.jpg\" alt=\"blank image\" width=\"100\" height=\"75\"><div class=\"holder\" style=\"background-image:url(https:\/\/mertdemirplastik.com.tr\/wp-content\/uploads\/2022\/02\/TIP-3-DIS-DISLI-NIPEL.png)\"><\/div><div class=\"title\" style=\"background-image:url(https:\/\/mertdemirplastik.com.tr\/wp-content\/uploads\/2022\/02\/TIP-3-DIS-DISLI-NIPEL.png);\"><div class=\"table\"><div class=\"table-cell\"><h4><a href=\"https:\/\/mertdemirplastik.com.tr\/?portfolio=pprc-boru\">PPRC Boru<\/a><\/h4><\/div><\/div><\/div><div class=\"clearfix\"><\/div><\/div><\/div><\/div><div class=\"rt-portfolio-box-item alt-yapi-borulari pvc-u-atik-su col-lg-3 col-md-3 col-sm-6 col-xs-12\" style=\"padding:0px;\"><div class=\"holder\"><div class=\"pic\"><img src=\"https:\/\/mertdemirplastik.com.tr\/wp-content\/plugins\/radiantthemes-addons\/portfolio\/images\/blank-image-100x75.jpg\" alt=\"blank image\" width=\"100\" height=\"75\"><div class=\"holder\" style=\"background-image:url(https:\/\/mertdemirplastik.com.tr\/wp-content\/uploads\/2022\/02\/TIRNAKLI-TE.png)\"><\/div><div class=\"title\" style=\"background-image:url(https:\/\/mertdemirplastik.com.tr\/wp-content\/uploads\/2022\/02\/TIRNAKLI-TE.png);\"><div class=\"table\"><div class=\"table-cell\"><h4><a href=\"https:\/\/mertdemirplastik.com.tr\/?portfolio=pvc-boru\">PVC Boru<\/a><\/h4><\/div><\/div><\/div><div class=\"clearfix\"><\/div><\/div><\/div><\/div><div class=\"rt-portfolio-box-item alt-yapi-borulari pvc-u-atik-su col-lg-3 col-md-3 col-sm-6 col-xs-12\" style=\"padding:0px;\"><div class=\"holder\"><div class=\"pic\"><img src=\"https:\/\/mertdemirplastik.com.tr\/wp-content\/plugins\/radiantthemes-addons\/portfolio\/images\/blank-image-100x75.jpg\" alt=\"blank image\" width=\"100\" height=\"75\"><div class=\"holder\" style=\"background-image:url(https:\/\/mertdemirplastik.com.tr\/wp-content\/uploads\/2022\/02\/DIRSEK-45-DERECE-ACIK.png)\"><\/div><div class=\"title\" style=\"background-image:url(https:\/\/mertdemirplastik.com.tr\/wp-content\/uploads\/2022\/02\/DIRSEK-45-DERECE-ACIK.png);\"><div class=\"table\"><div class=\"table-cell\"><h4><a href=\"https:\/\/mertdemirplastik.com.tr\/?portfolio=pvc-u-atik-su-borulari\">PVC-U At\u0131k Su Borular\u0131<\/a><\/h4><\/div><\/div><\/div><div class=\"clearfix\"><\/div><\/div><\/div><\/div><div class=\"rt-portfolio-box-item alt-yapi-borulari pvc-u-basincli-su col-lg-3 col-md-3 col-sm-6 col-xs-12\" style=\"padding:0px;\"><div class=\"holder\"><div class=\"pic\"><img src=\"https:\/\/mertdemirplastik.com.tr\/wp-content\/plugins\/radiantthemes-addons\/portfolio\/images\/blank-image-100x75.jpg\" alt=\"blank image\" width=\"100\" height=\"75\"><div class=\"holder\" style=\"background-image:url(https:\/\/mertdemirplastik.com.tr\/wp-content\/uploads\/2022\/02\/10-ATU-BORU.png)\"><\/div><div class=\"title\" style=\"background-image:url(https:\/\/mertdemirplastik.com.tr\/wp-content\/uploads\/2022\/02\/10-ATU-BORU.png);\"><div class=\"table\"><div class=\"table-cell\"><h4><a href=\"https:\/\/mertdemirplastik.com.tr\/?portfolio=pvc-u-basincli-su-borulari\">PVC-U Bas\u0131n\u00e7l\u0131 Su Borular\u0131<\/a><\/h4><\/div><\/div><\/div><div class=\"clearfix\"><\/div><\/div><\/div><\/div><div class=\"rt-portfolio-box-item alt-yapi-borulari korige-boru col-lg-3 col-md-3 col-sm-6 col-xs-12\" style=\"padding:0px;\"><div class=\"holder\"><div class=\"pic\"><img src=\"https:\/\/mertdemirplastik.com.tr\/wp-content\/plugins\/radiantthemes-addons\/portfolio\/images\/blank-image-100x75.jpg\" alt=\"blank image\" width=\"100\" height=\"75\"><div class=\"holder\" style=\"background-image:url(https:\/\/mertdemirplastik.com.tr\/wp-content\/uploads\/2022\/02\/Basliksiz-4.png)\"><\/div><div class=\"title\" style=\"background-image:url(https:\/\/mertdemirplastik.com.tr\/wp-content\/uploads\/2022\/02\/Basliksiz-4.png);\"><div class=\"table\"><div class=\"table-cell\"><h4><a href=\"https:\/\/mertdemirplastik.com.tr\/?portfolio=korige-boru\">Korige Boru<\/a><\/h4><\/div><\/div><\/div><div class=\"clearfix\"><\/div><\/div><\/div><\/div><div class=\"rt-portfolio-box-item damla-sulama tarimsal-sulama-borulari col-lg-3 col-md-3 col-sm-6 col-xs-12\" style=\"padding:0px;\"><div class=\"holder\"><div class=\"pic\"><img src=\"https:\/\/mertdemirplastik.com.tr\/wp-content\/plugins\/radiantthemes-addons\/portfolio\/images\/blank-image-100x75.jpg\" alt=\"blank image\" width=\"100\" height=\"75\"><div class=\"holder\" style=\"background-image:url(https:\/\/mertdemirplastik.com.tr\/wp-content\/uploads\/2022\/02\/3.png)\"><\/div><div class=\"title\" style=\"background-image:url(https:\/\/mertdemirplastik.com.tr\/wp-content\/uploads\/2022\/02\/3.png);\"><div class=\"table\"><div class=\"table-cell\"><h4><a href=\"https:\/\/mertdemirplastik.com.tr\/?portfolio=damla-sulama-hortumu\">Damla Sulama Hortumu<\/a><\/h4><\/div><\/div><\/div><div class=\"clearfix\"><\/div><\/div><\/div><\/div><\/div>[\/vc_column][\/vc_row][\/vc_section]<\/p>\n","protected":false},"excerpt":{"rendered":"<p>[vc_section full_width=&#8221;stretch_row&#8221; css=&#8221;.vc_custom_1520232875138{margin-top: 0px !important;margin-bottom: 0px !important;padding-top: 0px !important;padding-bottom: 0px !important;background-color: #ffffff !important;}&#8221;][vc_row full_width=&#8221;stretch_row&#8221; css=&#8221;.vc_custom_1520237418136{margin-top: 0px !important;margin-bottom: 0px !important;padding-top: 110px !important;padding-bottom: 40px !important;}&#8221;][vc_column][vc_custom_heading text=&#8221;\u00dcr\u00fcnler&#8221; font_container=&#8221;tag:h3|font_size:35px|text_align:center|line_height:45px&#8221; use_theme_fonts=&#8221;yes&#8221; css=&#8221;.vc_custom_1639686619593{margin-top: 0px !important;margin-bottom: 0px !important;}&#8221;][\/vc_column][\/vc_row][vc_row full_width=&#8221;stretch_row_content_no_spaces&#8221; css=&#8221;.vc_custom_1522991112910{margin-top: 0px !important;margin-bottom: 0px !important;padding-top: 0px !important;padding-bottom: 0px !important;}&#8221;][vc_column][\/vc_column][\/vc_row][\/vc_section]<\/p>\n","protected":false},"author":1,"featured_media":0,"parent":0,"menu_order":0,"comment_status":"closed","ping_status":"closed","template":"","meta":[],"_links":{"self":[{"href":"https:\/\/mertdemirplastik.com.tr\/index.php?rest_route=\/wp\/v2\/pages\/2584"}],"collection":[{"href":"https:\/\/mertdemirplastik.com.tr\/index.php?rest_route=\/wp\/v2\/pages"}],"about":[{"href":"https:\/\/mertdemirplastik.com.tr\/index.php?rest_route=\/wp\/v2\/types\/page"}],"author":[{"embeddable":true,"href":"https:\/\/mertdemirplastik.com.tr\/index.php?rest_route=\/wp\/v2\/users\/1"}],"replies":[{"embeddable":true,"href":"https:\/\/mertdemirplastik.com.tr\/index.php?rest_route=%2Fwp%2Fv2%2Fcomments&post=2584"}],"version-history":[{"count":3,"href":"https:\/\/mertdemirplastik.com.tr\/index.php?rest_route=\/wp\/v2\/pages\/2584\/revisions"}],"predecessor-version":[{"id":3277,"href":"https:\/\/mertdemirplastik.com.tr\/index.php?rest_route=\/wp\/v2\/pages\/2584\/revisions\/3277"}],"wp:attachment":[{"href":"https:\/\/mertdemirplastik.com.tr\/index.php?rest_route=%2Fwp%2Fv2%2Fmedia&parent=2584"}],"curies":[{"name":"wp","href":"https:\/\/api.w.org\/{rel}","templated":true}]}}